= f. What is the highest common factor of 27 and c?
9
Let a(l) = 89*l - 88*l + 81 - 21 + l**3 + l**2. Let o be a(0). What is the highest common divisor of 24 and o?
12
Let q = 50 + -290. Let l = q + 316. Calculate the greatest common divisor of 19 and l.
19
Let m = -128 + 176. Let r be 1935/20 - 12/16. Suppose -39*x + 43*x = r. Calculate the greatest common factor of x and m.
24
Suppose -m = i - 3*i + 237, i + m - 114 = 0. Calculate the highest common divisor of i and 156.
39
Suppose -3*r + 5646 = 3*m, -m + 3760 = 2*r - 3*m. Calculate the highest common factor of 396 and r.
99
Suppose c - 6 = 0, 2*g - 1578 = -c + 3212. What is the highest common factor of 91 and g?
13
Let k = -119 + 121. Let a be 132/k + 6/(-2). Let j = a + -45. Calculate the greatest common divisor of 198 and j.
18
Suppose -25*f = 1100 - 5625. Suppose -3*o + f = r, 2*o + 5*r - 81 = 18. Calculate the greatest common divisor of o and 6.
2
Let z = -194 - -221. Let h = 63 - z. Calculate the highest common factor of 8 and h.
4
Let r = -368 + 267. Let g = -59 - r. What is the highest common divisor of 112 and g?
14
Let p be ((-5)/2)/((10 + -4)/(-12)). Suppose 3*m - p*s = -6, 25*s = -2*m + 24*s + 9. Calculate the highest common factor of m and 9.
3
Let k = 3814 - 3782. Let g = 1187 + -419. Suppose 0*t - 3*t = -g. What is the greatest common divisor of t and k?
32
Let o = 46 - -6. Let h = -51 + o. Let l(u) = 32*u. Let f be l(h). Calculate the greatest common factor of f and 16.
16
Suppose 17 + 8 = 5*v. Let b be 222 + (v - 15/5). What is the highest common divisor of b and 32?
32
Let y = -230 - -1726. Calculate the highest common factor of y and 544.
136
Let c = -4264 + 4592. What is the highest common factor of c and 128?
8
Let l(p) = -26*p + 128. Let z be l(-12). Let j = 1069 - z. What is the greatest common divisor of j and 17?
17
Suppose -4*b - 49*c + 82 = -54*c, 2*b + 34 = -5*c. Suppose -m + y = -25, -m + y + 97 = 3*m. What is the greatest common factor of m and b?
8
Suppose 5*n + 5*b - 800 = 0, -83 = -n + 2*b + 77. Let y be n + (4 - 3)/1. Suppose -8*o - 690 = -38*o. Calculate the highest common factor of y and o.
23
Let t = 31 + -16. Let b = -18240 + 18270. Calculate the highest common factor of t and b.
15
Let v = 76 + -74. Suppose 105 = -v*w + 5*w. Let o be (-10)/w - 1623/(-21). Calculate the greatest common factor of o and 7.
7
Let q(o) = 39*o**2 + 360*o + 25. Let r be q(-11). What is the highest common divisor of 294 and r?
98
Let s be (-1 + (-6)/(-3))*(-3633)/(-21). Calculate the highest common factor of s and 11072.
173
Let f(s) = 151*s - 12154. Let z be f(81). Calculate the highest common factor of z and 341.
11
Let n be (-6)/(-1 + -1)*(-774)/(-27). Suppose -4*v + n + 82 = 3*s, -3*s - v = -177. What is the greatest common factor of s and 48?
12
Let g be 495*-2*(-3)/(-9). Let w be 3/(g/(-108) - 3). What is the greatest common factor of w and 9?
9
Let j = 6 - -15. Let o(n) = 1 + 8*n + 2*n**2 + 15*n + 10*n - 4 - 41*n. Let t be o(6). Calculate the highest common factor of j and t.
21
Let w(r) = -2*r - 3*r - 9 - 13*r + 4*r. Let c be w(-3). Calculate the highest common divisor of c and 55.
11
Let g be (-17)/(51/18) + 21/3. Calculate the highest common factor of 68 and g.
1
Suppose -4*p - 1375 = i, -3*p + 4*i = -8*p - 1705. Let q = -341 - p. Calculate the greatest common divisor of 128 and q.
4
Let m be 339/(-2)*(-328)/492. Calculate the highest common divisor of 14803 and m.
113
Suppose 8*v = 3536 - 944. Suppose -4*i + 2284 = 4*t, 4*t = -i + v + 259. Let w = -327 + i. What is the greatest common factor of 30 and w?
30
Let r be -5*-2*3*4/60. Let b(z) = 12*z - 1. Let g be b(r). Suppose -59 = -3*c - 2*d, c - 4*d - 8 = -7*d. What is the highest common factor of c and g?
23
Let i = -12 - -70. Suppose 86 + i = 4*q. Let j = 21 - 9. What is the highest common factor of j and q?
12
Suppose -4*o - 60 = -5*p, -2*p - 5*o - 33 = -3*p. Suppose v + q + 0 = p, -28 = -4*v - 5*q. Calculate the greatest common divisor of 24 and v.
12
Let f = 1 + 0. Let q be f*-1 + 45 - -1. Let s(x) = 37*x**2 - 89*x - 57. Let o be s(3). Calculate the greatest common divisor of o and q.
9
Suppose 3 + 7 = 5*y. Suppose -219 = 4*q - 259. Let x be (-2 + 28/q)/(24/60). Calculate the greatest common factor of y and x.
2
Let r be -8 - (-4)/1 - (-321 + -3). Let l = -180 + r. Let g = -118 + l. What is the greatest common divisor of g and 99?
11
Suppose -k = -3*h + 4 - 9, 0 = -h - 3*k + 15. Suppose h = -3*p - 34 + 64. What is the greatest common divisor of 160 and p?
10
Let x be (30/4)/((-4)/6 - (-63)/54). Calculate the greatest common divisor of x and 655.
5
Suppose 8*i = 2*g + 5*i - 42, -18 = -2*g - 3*i. Let z = 61 - 56. Suppose 0 = z*w - 4*f + f - 10, 4*w = 3*f + 5. What is the highest common divisor of w and g?
5
Suppose -l - 4 = -4*f - 52, 3*f + 138 = 5*l. Calculate the greatest common divisor of 57 and l.
3
Let h = -1597 - -1633. Let l be 28 - (-4)/(-6)*-3. Calculate the highest common divisor of h and l.
6
Suppose 5*i + 1312*f - 1314*f = 282, 0 = -3*i + 2*f + 170. What is the highest common factor of i and 30632?
56
Let k be ((-8 - -1) + 132/16)*-28. Let w be 56/k*10/(-1). Let n(p) = 2*p + 4. Let l be n(6). What is the greatest common divisor of l and w?
16
Let k(c) = 6*c + 36. Suppose 11*w + 346 = 291. Let t be k(w). What is the greatest common divisor of t and 66?
6
Let y = 2919 + -2567. What is the highest common divisor of 55 and y?
11
Let a(u) = 6*u - 9. Let r be a(3). Let c(t) = 7*t**2 + 5*t + 3. Let f be c(3). Calculate the greatest common factor of f and r.
9
Let i be 80*-9*11/(-198). What is the greatest common factor of i and 92?
4
Let s = 6041 + -6029. What is the greatest common divisor of s and 5988?
12
Let x(b) be the first derivative of 1 - 5*b - 4 - b**2 - 15*b + 2. Let r be x(-13). What is the greatest common factor of r and 6?
6
Let g be 9*(7 - 238/(-42)). What is the highest common factor of g and 18?
6
Suppose -35*o - 7*o = 32*o - 888. Let i = 226 + -94. Calculate the highest common divisor of o and i.
12
Let u = 1913 - 1883. Calculate the greatest common divisor of 906 and u.
6
Let n be 28/((-12)/(-3))*5 + 3. Let v = 44 - n. Calculate the greatest common factor of v and 4.
2
Let b be (-3)/((20/528)/(-5)). Suppose 35*w - 1284 = b. What is the greatest common factor of 80 and w?
16
Suppose 256*n - 246*n = 50. Suppose -4*y + 40 = n*r + y, 12 = 4*y. Let m be (-40)/((4/2)/(-4)). What is the highest common divisor of r and m?
5
Suppose 3*q - q = 6. Let i be 7 + -7 - (3 + q). Let a be (-1)/(i/9) - (-22)/4. Calculate the highest common factor of 77 and a.
7
Suppose 280 = 43*b - 2343. Suppose 3*t = 4*c + b, -t + 7 = c - 11. Calculate the highest common divisor of 95 and t.
19
Suppose -3 + 23 = -4*m. Let r be (-2562)/m + (-6)/15. Suppose -14*u + 6*u = -r. Calculate the greatest common divisor of 16 and u.
16
Suppose 1820 = 13*m + m. Suppose 7*h = 4*b + 2*h - 188, 0 = -2*b - h + 94. Suppose -42*u = -b*u + 130. What is the highest common divisor of u and m?
26
Let l(s) = 22*s - 1510. Let o be l(69). What is the greatest common factor of o and 4184?
8
Suppose 3*a - 90 = -3*k, 5*a + 26*k - 22*k - 145 = 0. Suppose u + 2 = 2*u. Let x = 98 + u. Calculate the highest common factor of x and a.
25
Let z(i) = 2*i**3 + 58*i**2 + 14*i - 297. Let a be z(-28). What is the highest common divisor of a and 3?
3
Let x be 10 - (13 - -19) - -32. What is the highest common divisor of x and 812?
2
Suppose 0 = -4*m + 3*q + 2723, -m + 7*q - 424 = -1111. Calculate the greatest common divisor of m and 440.
40
Suppose -2523 - 1370 = -2*r + 517. Calculate the highest common divisor of 180 and r.
45
Let d(j) = -16*j - 39. Let q be d(-8). Let n = 86 + q. Let r = -35 - -70. Calculate the greatest common divisor of r and n.
35
Let s be (-618)/(-6) - 1 - (0 + 4). Suppose -35 = 2*m - 63. Calculate the greatest common divisor of s and m.
14
Suppose -23*q + 7750 = 116*q - 868. What is the highest common divisor of 19468 and q?
62
Let s = 298 - 308. Let x be -19*2*(95/s + 9). Calculate the greatest common divisor of 2 and x.
1
Let l(w) be the second derivative of w**5/20 - 17*w**4/12 + w**3/3 + 35*w**2/2 - 14*w. Let p be l(17). Calculate the highest common factor of 207 and p.
69
Let z be (-13 - -337)*(-388)/(-12) + 8. Calculate the highes